 27159121 prime?
False
Is 18471913 a composite number?
False
Is 488167 a composite number?
True
Is 110707769 a composite number?
False
Is 113103191 composite?
True
Is 214237867 prime?
False
Is 1371239 prime?
False
Is 23975261 a prime number?
True
Is 148241981 composite?
False
Is 411095999 prime?
True
Is 14715451 a prime number?
True
Is 4250261 a prime number?
True
Is 56855297 composite?
False
Is 1202951 a prime number?
False
Is 1940871 composite?
True
Is 98483743 a prime number?
True
Is 309152083 prime?
True
Is 80109037 a composite number?
True
Is 100927147 a composite number?
True
Is 6853417 composite?
True
Is 388865099 a prime number?
False
Is 172587839 composite?
False
Is 762737 a composite number?
False
Is 49185649 a prime number?
True
Is 555234113 a prime number?
False
Is 2589779 composite?
False
Is 4698761 a composite number?
False
Is 373467 a prime number?
False
Is 58536409 a composite number?
False
Is 7959327 composite?
True
Is 10853317 a composite number?
True
Is 909727859 a composite number?
False
Is 23447257 prime?
True
Is 573031633 a prime number?
True
Is 223021021 prime?
True
Is 158437 prime?
False
Is 12534547 a prime number?
False
Is 151337 a composite number?
False
Is 77617055 composite?
True
Is 58740509 prime?
True
Is 24374659 composite?
True
Is 6244813 composite?
True
Is 334058497 prime?
True
Is 24372253 prime?
True
Is 60984691 a composite number?
True
Is 43457591 prime?
True
Is 132099983 a prime number?
False
Is 11907677 prime?
False
Is 1810771 composite?
False
Is 9150661 a prime number?
False
Is 5864221 a composite number?
True
Is 3895139 composite?
False
Is 70300301 prime?
True
Is 3391571 a composite number?
True
Is 2078267 prime?
False
Is 3696001 a prime number?
True
Is 1612493 prime?
True
Is 979193 composite?
True
Is 778013 composite?
False
Is 1876669 a composite number?
False
Is 14671403 prime?
True
Is 1713083 prime?
True
Is 46993 a composite number?
False
Is 26933401 a composite number?
True
Is 5068691 a composite number?
False
Is 16372409 composite?
False
Is 3011033 a prime number?
False
Is 144014005 prime?
False
Is 47695303 composite?
False
Is 7442723 prime?
False
Is 1622713 a prime number?
False
Is 264494801 prime?
False
Is 8540435 a composite number?
True
Is 1974953 composite?
True
Is 26164537 composite?
True
Is 65840443 prime?
False
Is 16809569 composite?
True
Is 15837763 composite?
False
Is 3184729 prime?
False
Is 5917901 a prime number?
False
Is 20181979 a composite number?
False
Is 191329511 composite?
False
Is 6826858 composite?
True
Is 605779 a prime number?
True
Is 1246819 a prime number?
False
Is 123409513 a composite number?
True
Is 3066587 a composite number?
False
Is 37336853 a composite number?
True
Is 242963341 composite?
True
Is 37031 a prime number?
False
Is 539621 prime?
True
Is 210157 a composite number?
False
Is 14386481 composite?
False
Is 5034031 a prime number?
False
Is 3604169 a composite number?
True
Is 43980158 a prime number?
False
Is 26909903 a prime number?
False
Is 3139187 a prime number?
True
Is 4823239 prime?
False
Is 54052457 composite?
False
Is 465019993 composite?
False
Is 20899891 a composite number?
True
Is 4763363 a composite number?
True
Is 181840027 prime?
True
Is 3347231 prime?
True
Is 10065857 a composite number?
False
Is 83863943 composite?
False
Is 8252219 prime?
True
Is 30081979 prime?
True
Is 390129 a composite number?
True
Is 22749197 composite?
False
Is 293342423 a composite number?
True
Is 72409297 composite?
False
Is 5561741 a composite number?
True
Is 19746379 a composite number?
True
Is 16642601 prime?
True
Is 35453155 composite?
True
Is 6891251 composite?
False
Is 6271037 composite?
False
Is 1239397 prime?
True
Is 2634347 a composite number?
True
Is 810377 a composite number?
False
Is 706866487 a composite number?
False
Is 193504489 composite?
True
Is 11575259 prime?
True
Is 127668877 a composite number?
True
Is 26387579 a composite number?
True
Is 767337133 a composite number?
True
Is 298081829 composite?
False
Is 4268981 composite?
False
Is 2421453 prime?
False
Is 2158979 composite?
False
Is 680650733 prime?
False
Is 42140071 a composite number?
True
Is 323333 a composite number?
False
Is 1110405953 a composite number?
False
Is 86283037 a prime number?
True
Is 104290543 prime?
False
Is 216967 a composite number?
False
Is 521572039 a prime number?
True
Is 2509099 a composite number?
True
Is 504787 prime?
True
Is 404773 prime?
True
Is 134639 composite?
False
Is 11797378 composite?
True
Is 16933801 a composite number?
True
Is 864653 a prime number?
False
Is 526682713 a composite number?
True
Is 4686689 prime?
False
Is 2912071 a composite number?
True
Is 17634203 composite?
False
Is 6139405 composite?
True
Is 22565107 composite?
False
Is 26419639 a prime number?
True
Is 4130531 a composite number?
True
Is 719441 a composite number?
False
Is 962929 prime?
False
Is 270242927 composite?
False
Is 1635274 composite?
True
Is 1300867 composite?
True
Is 8341181 composite?
True
Is 4684553 composite?
False
Is 21782027 a composite number?
True
Is 7082099 a composite number?
False
Is 221447819 composite?
False
Is 32700929 a prime number?
False
Is 6521783 composite?
False
Is 8902249 prime?
True
Is 2726617 a composite number?
False
Is 358219861 a composite number?
True
Is 4911757 a prime number?
True
Is 154942343 composite?
True
Is 53932101 a composite number?
True
Is 162022661 a composite number?
False
Is 1269535403 composite?
False
Is 100898234 a composite number?
True
Is 5963383 composite?
True
Is 1122767 prime?
False
Is 795365 prime?
False
Is 284311 prime?
True
Is 348705557 a prime number?
True
Is 79918213 composite?
False
Is 363870097 prime?
False
Is 5363171 a prime number?
False
Is 23552027 a prime number?
False
Is 2863037 composite?
False
Is 2752933 a prime number?
True
Is 37310417 a prime number?
True
Is 2437801 a composite number?
True
Is 74735821 composite?
False
Is 69303289 prime?
False
Is 918791 prime?
False
Is 40826003 a prime number?
False
Is 235373 a prime number?
False
Is 117853193 a prime number?
False
Is 2027537 prime?
True
Is 6267181 prime?
True
Is 4468951 composite?
True
Is 1587433 prime?
False
Is 39217603 a prime number?
True
Is 12805123 composite?
True
Is 1297271 composite?
False
Is 6461999 prime?
True
Is 50927 prime?
False
Is 965483 prime?
True
Is 305668361 a prime number?
True
Is 181714279 prime?
True
Is 240161177 prime?
False
Is 3678751 a prime number?
True
Is 331267043 prime?
False
Is 34521419 prime?
True
Is 541848131 a composite number?
True
Is 2932003 prime?
True
Is 35552557 a composite number?
False
Is 11655781 a composite number?
False
Is 2709467 prime?
True
Is 32277517 a composite number?
True
Is 58042 composite?
True
Is 2491969 a prime number?
False
Is 525006269 composite?
True
Is 6065593 a prime number?
True
Is 76591559 a composite number?
True
Is 2789777 a composite number?
False
Is 87631303 prime?
False
Is 666605267 a composite number?
True
Is 163456157 prime?
True
Is 1872413 a prime number?
False
Is 6530261 prime?
False
Is 3417439 a composite number?
False
Is 41021497 a prime number?
False
Is 141209407 composite?
False
Is 13126913 a prime number?
False
Is 262481 a composite number?
True
Is 1240973 a composite number?
False
Is 12641743 composite?
True
Is 140807638 composite?
True
Is 3399997 prime?
True
Is 15245455 composite?
True
Is 3114511 prime?
False
Is 469898317 a composite number?
True
Is 11126287 prime?
True
Is 73612927 a composite number?
True
Is 2816323 a prime number?
False
Is 75377471 prime?
False
Is 172349633 prime?
False
Is 66009277 prime?
True
Is 25185129 a prime number?
False
Is 24439 prime?
True
Is 1383139 prime?
True
Is 4384217 a composite number?
True
Is 1572443 a composite number?
False
Is 1292815 a composite number?
True
Is 171599795 composite?
True
Is 150177259 composite?
False
Is 422760551 composite?
False
Is 136444881 composite?
True
Is 4873409 a prime number?
False
Is 134721019 prime?
False
Is 13933267 composite?
False
Is 52399367 a composite number?
False
Is 121129871 a prime number?
True
Is 36296121 composite?
True
Is 13356103 composite?
False
Is 1579183 a composite number?
False
Is 10908721 a composite number?
False
Is 772517 composite?
False
Is 865699 prime?
False
Is 60379987 a composite number?
False
Is 800629 a co